{"id":109,"date":"2025-03-19T11:14:00","date_gmt":"2025-03-19T10:14:00","guid":{"rendered":"https:\/\/censorsekretariatet.censorum.dk\/?page_id=109"},"modified":"2026-04-16T14:06:34","modified_gmt":"2026-04-16T12:06:34","slug":"ansoeg-om-at-blive-censor-her","status":"publish","type":"page","link":"https:\/\/censorsekretariatet.dk\/?page_id=109","title":{"rendered":"Ans\u00f8g om at blive censor her"},"content":{"rendered":"\n<p><em>\u00c5bent<\/em><\/p>\n\n\n\n<p>Der er aktuelt \u00e5bent for ans\u00f8gninger til nyt fagomr\u00e5de ved PBA i Business og vandteknologi &#8211; Kommunikation og b\u00e6redygtig forretningsudvikling. Der er ans\u00f8gningsfrist den 1. maj 2026. Ans\u00f8g allerede nu via <a href=\"https:\/\/censorum.dk\/loginchoice?returnUrl=https%3a%2f%2fcensorum.dk%2foverblik\">Censorum<\/a>. <\/p>\n\n\n\n<p><strong>N\u00e5r der er lukket for ans\u00f8gning til et censorkorps, har du mulighed for at skrive dig p\u00e5 venteliste via dette link:<\/strong>&nbsp;<a href=\"https:\/\/censorum.dk\/ansoegning\/kunde\/3\">Censorum<\/a>, og du vil herefter modtage en bekr\u00e6ftelse pr. mail. Du kan efterf\u00f8lgende se, hvilke ventelister du har registreret dig p\u00e5 ved at logge p\u00e5 din brugerprofil p\u00e5 Censorum og trykke p\u00e5&nbsp;<em>&#8216;Min brugerprofil&#8217;<\/em>&nbsp;under dit navn \u00f8verst i h\u00f8jre hj\u00f8rne.<\/p>\n\n\n\n<p><strong>OBS:&nbsp;<\/strong>N\u00e5r du skriver dig p\u00e5 venteliste, har du blot registreret, at du er&nbsp;interesseret&nbsp;i at blive beskikket censor p\u00e5 det eller de censorkorps, hvor du har skrevet dig p\u00e5 venteliste. Denne registrering betyder alts\u00e5&nbsp;ikke, at du er blevet beskikket censor.<\/p>\n\n\n\n<p>Der kan blive \u00e5bnet op for ans\u00f8gning for ventelister ved behov for l\u00f8bende rekruttering i en beskikkelsesperiode. Hvis der \u00e5bnes for ans\u00f8gning inden for det censorkorps, hvor du har skrevet dig p\u00e5 venteliste, vil du blive kontaktet pr. mail. Du kan ligeledes altid se, hvilke uddannelser der er \u00e5bent for ans\u00f8gning til her:&nbsp;<a href=\"https:\/\/censorum.dk\/ansoegning\/kunde\/3\">Censorum<\/a>.<\/p>\n\n\n\n<p>Hvis der st\u00e5r&nbsp;<em>&#8216;Opret ans\u00f8gning&#8217;&nbsp;<\/em>betyder det, at der er \u00e5bent for ans\u00f8gning, og du kan indsende en beskikkelsesans\u00f8gning med det samme. Hvis der st\u00e5r&nbsp;<em>&#8216;Skriv p\u00e5 venteliste&#8217;<\/em>&nbsp;betyder det, at der er lukket for ans\u00f8gning, og du kan derfor registrere dig p\u00e5 venteliste.<\/p>\n\n\n\n<p><strong>For at kunne oprette din beskikkelsesans\u00f8gning skal du logge ind med MitID.<\/strong><\/p>\n\n\n\n<p><em>Her kan du finde vejledningen til ans\u00f8gningsblanketten, hvis du er i tvivl om, hvordan du skal udfylde trin 1-9 i ans\u00f8gningsblanketten<\/em><\/p>\n\n\n\n<p>Vejledning til ans\u00f8gningsblanket:&nbsp;<a href=\"https:\/\/help.censorum.dk\/?page_id=133\">Opret Ans\u00f8gning, Censor \u2013 Hj\u00e6lp til censorum.dk<\/a><\/p>\n\n\n\n<p><em>Formular til manglende eksamensbeviser i forbindelse med indsendelse af beskikkelsesans\u00f8gning<\/em><\/p>\n\n\n\n<p>Hvis du skulle have mistet eller har forlagt dine eksamensbeviser, kan du benytte nedenst\u00e5ende formular og vedh\u00e6fte denne til din ans\u00f8gning.<\/p>\n\n\n\n<div class=\"wp-block-file\"><a id=\"wp-block-file--media-150603f9-8ff8-41cb-9083-c7f70a6e1eb2\" href=\"https:\/\/censorsekretariatet.censorum.dk\/wp-content\/uploads\/2026\/04\/Formular_til_manglende_eksamensbeviser_ifm._censoransogning.docx\" target=\"_blank\" rel=\"noreferrer noopener\">Formular til manglende eksamensbeviser ifm. censorans\u00f8gning<\/a><\/div>\n\n\n\n<p><\/p>\n","protected":false},"excerpt":{"rendered":"<p>\u00c5bent Der er aktuelt \u00e5bent for ans\u00f8gninger til nyt fagomr\u00e5de ved PBA i Business og vandteknologi &#8211; Kommunikation og b\u00e6redygtig forretningsudvikling. Der er ans\u00f8gningsfrist den 1. maj 2026. Ans\u00f8g allerede nu via Censorum. N\u00e5r der er lukket for ans\u00f8gning til et censorkorps, har du mulighed for at skrive dig p\u00e5 venteliste via dette link:&nbsp;Censorum, og &#8230; <a title=\"Ans\u00f8g om at blive censor her\" class=\"read-more\" href=\"https:\/\/censorsekretariatet.dk\/?page_id=109\" aria-label=\"Read more about Ans\u00f8g om at blive censor her\">Read more<\/a><\/p>\n","protected":false},"author":1,"featured_media":0,"parent":0,"menu_order":0,"comment_status":"closed","ping_status":"closed","template":"","meta":{"footnotes":""},"class_list":["post-109","page","type-page","status-publish"],"_links":{"self":[{"href":"https:\/\/censorsekretariatet.dk\/index.php?rest_route=\/wp\/v2\/pages\/109","targetHints":{"allow":["GET"]}}],"collection":[{"href":"https:\/\/censorsekretariatet.dk\/index.php?rest_route=\/wp\/v2\/pages"}],"about":[{"href":"https:\/\/censorsekretariatet.dk\/index.php?rest_route=\/wp\/v2\/types\/page"}],"author":[{"embeddable":true,"href":"https:\/\/censorsekretariatet.dk\/index.php?rest_route=\/wp\/v2\/users\/1"}],"replies":[{"embeddable":true,"href":"https:\/\/censorsekretariatet.dk\/index.php?rest_route=%2Fwp%2Fv2%2Fcomments&post=109"}],"version-history":[{"count":6,"href":"https:\/\/censorsekretariatet.dk\/index.php?rest_route=\/wp\/v2\/pages\/109\/revisions"}],"predecessor-version":[{"id":1044,"href":"https:\/\/censorsekretariatet.dk\/index.php?rest_route=\/wp\/v2\/pages\/109\/revisions\/1044"}],"wp:attachment":[{"href":"https:\/\/censorsekretariatet.dk\/index.php?rest_route=%2Fwp%2Fv2%2Fmedia&parent=109"}],"curies":[{"name":"wp","href":"https:\/\/api.w.org\/{rel}","templated":true}]}}